8274660537 composite?
False
Is 13417703711 composite?
True
Is 1081056049 a prime number?
True
Is 3233448551 a prime number?
True
Is 8019158893 prime?
False
Is 968546639 prime?
True
Is 1257427 a composite number?
True
Is 6864271327 a composite number?
False
Is 9017907721 a prime number?
True
Is 100125251 a prime number?
False
Is 15006636913 a prime number?
True
Is 363373823 composite?
False
Is 6064203559 a prime number?
True
Is 74264829 composite?
True
Is 5261312129 prime?
True
Is 39643198271 composite?
True
Is 646060049 prime?
False
Is 2469341926 a composite number?
True
Is 7976118041 composite?
True
Is 517874957 a composite number?
False
Is 50688692257 prime?
False
Is 94871677267 prime?
False
Is 191376767697 a composite number?
True
Is 7054763741 a prime number?
True
Is 1020235687 a prime number?
True
Is 1203533291 prime?
False
Is 936170566 composite?
True
Is 35450931413 composite?
False
Is 308152229777 a prime number?
False
Is 1847845061 prime?
True
Is 93837619 composite?
False
Is 54640981561 a prime number?
True
Is 89806044479 composite?
False
Is 10111821719 a composite number?
False
Is 1058494951 a prime number?
True
Is 4996645361 prime?
False
Is 555076417 composite?
True
Is 2116809887 a prime number?
True
Is 3963831721 composite?
False
Is 2315569469 prime?
False
Is 731565881 prime?
True
Is 722141009 a prime number?
False
Is 4010634733 a prime number?
False
Is 723161741 prime?
True
Is 23408804401 a prime number?
False
Is 3475349629 prime?
False
Is 9014502715 a composite number?
True
Is 970132661 prime?
True
Is 1736859373 a composite number?
False
Is 90100723 a prime number?
False
Is 3046050673 a prime number?
False
Is 2461121809 composite?
False
Is 8826719483 a composite number?
False
Is 2373572449 a prime number?
False
Is 25673061907 a composite number?
False
Is 686725321 a prime number?
True
Is 190085407 prime?
False
Is 390306601 a composite number?
False
Is 131097513 prime?
False
Is 415957453 a prime number?
True
Is 7983831899 a prime number?
False
Is 506343107 a composite number?
False
Is 731278853 prime?
True
Is 8635105391 prime?
False
Is 1577668541 a composite number?
False
Is 67582129 composite?
False
Is 8084407079 prime?
False
Is 396108457 a prime number?
False
Is 4685807239 a prime number?
False
Is 685560929 a prime number?
True
Is 36473596453 a composite number?
True
Is 323042185 prime?
False
Is 2396273177 a prime number?
False
Is 3590671181 composite?
True
Is 736060051 composite?
False
Is 3714331151 a prime number?
True
Is 267955235 composite?
True
Is 2167165519 composite?
False
Is 2451067789 a composite number?
False
Is 12149455939 composite?
False
Is 1445678917 prime?
True
Is 187251518 prime?
False
Is 547774153 a prime number?
False
Is 14371207597 composite?
True
Is 1406557247 a prime number?
True
Is 19614605147 a prime number?
False
Is 49612681813 a prime number?
True
Is 1131311633 a prime number?
True
Is 28456122677 composite?
False
Is 145788607 a prime number?
True
Is 77887489 a prime number?
False
Is 1196772673 composite?
False
Is 1219996255 prime?
False
Is 32749424273 a composite number?
False
Is 42720203653 composite?
False
Is 6300721949 prime?
True
Is 541834367 a prime number?
True
Is 35747076167 a prime number?
False
Is 804353713 composite?
True
Is 8974661869 a prime number?
True
Is 762049799 a prime number?
False
Is 288760723 a composite number?
True
Is 144820491 composite?
True
Is 3140069 a composite number?
False
Is 2936073949 prime?
True
Is 25754215073 prime?
False
Is 937347133 a prime number?
True
Is 20964330581 composite?
False
Is 56233037815 a prime number?
False
Is 2457395273 a prime number?
True
Is 20006103391 prime?
False
Is 474445099 a composite number?
True
Is 154972708529 composite?
True
Is 3899445787 composite?
False
Is 3793232111 a composite number?
True
Is 12458565703 a prime number?
False
Is 4796556253 a composite number?
True
Is 617834339 composite?
True
Is 810647707 a composite number?
False
Is 10564637 a prime number?
True
Is 969909035 a composite number?
True
Is 1357952933 a composite number?
True
Is 1538222209 a composite number?
False
Is 107024733407 a composite number?
False
Is 345318563 a prime number?
False
Is 421877887 a prime number?
False
Is 11165846051 a composite number?
True
Is 8790735017 prime?
True
Is 3311798759 prime?
False
Is 754152967 composite?
False
Is 12659444921 composite?
True
Is 3074452393 composite?
False
Is 11286363017 a prime number?
True
Is 1139746121 a composite number?
False
Is 6001641307 composite?
True
Is 98043991 a composite number?
True
Is 68328535237 prime?
True
Is 22223989363 prime?
True
Is 3213006793 composite?
False
Is 4308422333 a prime number?
True
Is 200397136387 a composite number?
True
Is 2801822087 prime?
False
Is 46292693477 prime?
True
Is 1794241411 prime?
True
Is 6906530023 composite?
False
Is 26402748917 composite?
True
Is 129424387009 a composite number?
False
Is 775573 a composite number?
False
Is 448938617 composite?
True
Is 115371283 a composite number?
False
Is 11057399681 a prime number?
False
Is 110792725291 a composite number?
False
Is 158980936373 a composite number?
True
Is 41985311897 prime?
True
Is 47923719962 composite?
True
Is 907734187 a prime number?
False
Is 7467229131 a composite number?
True
Is 466711387 prime?
False
Is 441125149 a prime number?
False
Is 39031639 a prime number?
True
Is 33693859 a prime number?
False
Is 839990363 a prime number?
False
Is 1662782881 a prime number?
False
Is 12536840707 a composite number?
False
Is 295922579 prime?
True
Is 26633408431 a prime number?
False
Is 32596726523 a prime number?
True
Is 6302472017 a composite number?
False
Is 50509073 a prime number?
True
Is 189100261271 prime?
False
Is 1094606209 prime?
True
Is 14910230467 prime?
False
Is 758562757 a prime number?
True
Is 15812386231 composite?
True
Is 33552704399 composite?
False
Is 391456427911 prime?
True
Is 3008193761 composite?
False
Is 44496615057 a composite number?
True
Is 1718255397 a prime number?
False
Is 1695264511 prime?
True
Is 1099178567 prime?
True
Is 464183 composite?
True
Is 17213698877 a prime number?
True
Is 5012653091 prime?
False
Is 1078859966 a composite number?
True
Is 59385058549 a composite number?
True
Is 7558429559 prime?
True
Is 4707065117 prime?
False
Is 793523359 composite?
True
Is 3211903411 composite?
False
Is 1007432831 prime?
True
Is 43380641 a prime number?
True
Is 12333053689 composite?
True
Is 3299640423 composite?
True
Is 1653532717 prime?
True
Is 25855582381 prime?
False
Is 32505383 a composite number?
False
Is 2229432467 a prime number?
False
Is 1218987563 prime?
False
Is 1204793 a prime number?
False
Is 26253815059 prime?
False
Is 303255769 a composite number?
True
Is 976561301 composite?
True
Is 1700082833 prime?
False
Is 67306150906 a composite number?
True
Is 15254062739 prime?
True
Is 1910560819 composite?
False
Is 6933181987 composite?
False
Is 27958637287 a composite number?
True
Is 80928433591 composite?
False
Is 3783337333 prime?
False
Is 79167937451 prime?
False
Is 528581575859 prime?
True
Is 11590088537 a composite number?
False
Is 27157257067 a composite number?
True
Is 9448508329 composite?
True
Is 5588455477 a prime number?
False
Is 49987570931 a composite number?
False
Is 2637705407 a composite number?
False
Is 54877373 composite?
True
Is 11526820841 prime?
True
Is 8490582127 composite?
False
Is 4684585343 a prime number?
True
Is 461847419 prime?
False
Is 162734851 a prime number?
False
Is 3275246509 prime?
True
Is 41519911 prime?
True
Is 317117539 a prime number?
False
Is 134766080819 prime?
False
Is 359638243 prime?
True
Is 158138921 a prime number?
True
Is 2750973061 composite?
True
Is 26966044909 composite?
False
Is 20683000099 prime?
True
Is 621517409 a composite number?
False
Is 1086932293 a composite number?
True
Is 9260480441 a prime number?
True
Is 5627072767 prime?
True
Is 21138315443 a prime number?
False
Is 5578304399 prime?
True
Is 14120136761 a prime number?
True
Is 2352082723 composite?
False
Is 4643722123 composite?
False
Is 4189349821 prime?
True
Is 983104693 a composite number?
True
Is 35045845699 a composite number?
False
Is 1541063429 prime?
False
Is 6081784783 prime?
False
Is 3671790533 a composite number?
True
Is 52226578981 a composite number?
False
Is 146344622